6
Suppose p = x + 3, -p + 0 = -2*x - 2. What is the units digit of p?
4
Suppose 0*x = -3*x + 15. Suppose -4*m + 2*r - 4*r + 8 = 0, 3*r = 3*m - 6. Suppose 0 = m*t + 2*c - 2, 0*t = -5*t + 4*c + x. What is the units digit of t?
1
Let w = 33 - 7. What is the tens digit of w?
2
Suppose 0 = -0*x - 3*x. Let w(z) = 3*z**2 + 2*z - 4. Let t be w(1). What is the units digit of (-4)/(x + -2 + t)?
4
Let z = 10 - -46. What is the units digit of z?
6
Let h(k) = -k**3 + 10*k**2 - 4*k - 17. What is the tens digit of h(9)?
2
Let i(m) = m**2 - 2*m + 1. What is the units digit of i(2)?
1
Suppose 60 = -n + 8. Let l = -25 - n. Suppose -3*m - l = -j, 2*j - 15 = j - m. What is the tens digit of j?
1
Let x(c) = -24*c**3 - 1. What is the tens digit of x(-1)?
2
Let w = 299 - 170. What is the tens digit of w?
2
Let k(s) = s**2 + 3*s + 1. Let m be k(-4). Suppose n + 5*t - 35 = 0, 0 = 2*n + t - 71 - 8. Suppose -n = -3*h + m. What is the units digit of h?
5
Suppose -4*s = -8*s + 124. Suppose -3*l - s = -4*l. What is the units digit of l?
1
Let g = 38 - 78. What is the tens digit of -5*-2*(-76)/g?
1
Let q = 15 + 10. What is the units digit of q?
5
Suppose -462 = -3*y - 168. What is the units digit of y?
8
Let i(l) be the first derivative of -l**5/60 + l**4/4 + 5*l**3/3 + l**2/2 - 3. Let t(w) be the second derivative of i(w). What is the units digit of t(7)?
3
Suppose -176 = -a + 37. What is the units digit of a?
3
Let n be 9/12 + 66/8. Suppose -3*y = -6*y + n. What is the units digit of y?
3
Suppose 25*l - 595 = 18*l. What is the tens digit of l?
8
What is the units digit of (9/3 - 4)*-133?
3
Suppose 19 = 2*q + 5. Suppose b = -3*d + 9, -b + 2*d - q*d = -13. Suppose -4*y + 40 = 3*f, -3*y + 20 - b = -f. What is the units digit of y?
7
Suppose 0 = -5*s - t + 44 + 182, 66 = s - 5*t. What is the units digit of s?
6
Let g(t) = t**3 + 8*t**2 + 4*t + 8. What is the units digit of g(-7)?
9
Suppose 6*j - 9*j = -123. What is the tens digit of j?
4
Suppose -3 = 5*u + 7. Let l(f) = -10*f - 3. What is the tens digit of l(u)?
1
What is the units digit of (-12)/66 - (-1300)/11?
8
Let h be ((-5)/3)/(1/3). Let x be 9/4 - h/(-20). Suppose 0 = -z + x*t + 17, z + 2*t + 45 = 6*z. What is the units digit of z?
7
Let v = 93 + -38. What is the units digit of v?
5
Let z = -134 - -191. What is the units digit of z?
7
What is the units digit of ((-2)/4)/((-1)/64)?
2
Let o = 68 - 7. What is the units digit of o?
1
Let n = 710 - 354. What is the tens digit of n?
5
Suppose 35 + 195 = 5*v. Let l = v + -9. Suppose -4*q + l - 1 = 3*a, 71 = 5*a + 3*q. What is the units digit of a?
6
Let u = -130 + 234. What is the hundreds digit of u?
1
Let h = -149 - -254. What is the units digit of h?
5
Let s be 2*(-3 - -2)*-2. Let f(n) = n**3 - 3*n**2 - 3*n + 1. What is the units digit of f(s)?
5
Let g(t) = t**2 + t - 2. What is the units digit of g(7)?
4
Suppose 2*f = 2*m + 14, 2 = 2*f + m + 3. Suppose -3*h = f*h - 50. What is the units digit of h?
0
Let t = 115 - -99. What is the tens digit of t?
1
Suppose u - 4*b - b - 411 = 0, -4*u - 4*b + 1740 = 0. What is the tens digit of u?
3
Suppose -3*h = -2*h + 2. What is the tens digit of ((-44)/8)/(1/h)?
1
Let t = 10 - -7. Suppose 10 = 3*r + 4*b, -2*r + t - 3 = -b. What is the units digit of r?
6
Let o(d) = d**2 - 9*d + 10. Let u be o(8). Suppose -p + 2*p - u = 0. Suppose -p*k + 4 = -k. What is the units digit of k?
4
Let p = 45 + 106. What is the tens digit of p?
5
Let x be (8/(-3))/2*-3. Suppose -q - x*q = -10. Suppose 15 = -q*a + 7*a. What is the units digit of a?
3
Let o = -264 - -388. What is the tens digit of o?
2
Let r = 5 + -1. Let n(w) = 2*w - w + 5 - 2*w. What is the units digit of n(r)?
1
Let y be (8 - 3) + 1 + 2. Suppose 5*z + y = 5*w + 43, -z + 3*w = -1. What is the tens digit of z?
1
Suppose 4*j - 5*w + 12 = 5*j, -3*w + 4 = -j. Suppose 0 = -j*p + 16 - 4. Let n = 3 + p. What is the units digit of n?
9
What is the units digit of (3/6)/(2/24)?
6
Let h(q) = -4*q + 30. Let o(p) = -p + 10. Suppose 2*n - n - 7 = 0. Let j(l) = n*o(l) - 2*h(l). What is the units digit of j(-7)?
3
Let t be (-60)/8*6/(-9). Let n = 27 - t. What is the units digit of n?
2
Let p = -5 + 0. Let q be ((-2)/p)/((-4)/20). Let z = q + 6. What is the units digit of z?
4
Let a = 34 - 21. What is the tens digit of a?
1
Let a be 2/(0 - (-3)/30). Suppose 5*t - a = -0*t. Suppose t*b - 57 = b. What is the units digit of b?
9
Suppose -4*l = 2*l - 558. What is the tens digit of l?
9
Suppose 2*u + 12 = -2*j, 0 = -j + u - 12. Let r = 13 + j. What is the units digit of r?
4
Let p(k) = -k**3 - 1. What is the tens digit of p(-4)?
6
Suppose 0*u + 19 = u. Suppose -5*t + u = 2*d + 2*d, -2*d + t + 27 = 0. What is the tens digit of d?
1
Suppose 0*g = -4*g + 356. What is the tens digit of g?
8
Let t be (3 - -1) + -2 + 10. Suppose -g = -2*c + t, -2*g - 1 = 2*c - 7. What is the units digit of c?
5
Let a be 4/(-1) - (2 - 4). Let d = a + 7. Suppose 2 = p + 3*q - d, 4*p + 5*q - 14 = 0. What is the units digit of p?
1
Let y(g) be the first derivative of g**4/4 + 4*g**3/3 - 3*g**2 + 2*g + 3. Let k = -7 + 2. What is the units digit of y(k)?
7
Let u be ((-14)/6 + -2)*-3. Suppose -2*r + u = -1. What is the units digit of r?
7
Suppose -4*k + x + x = -72, 5*k - 5*x - 95 = 0. Let s = -52 - -58. Let r = k - s. What is the tens digit of r?
1
What is the units digit of (-24)/(-9)*(-162)/(-96)*4?
8
Let o(s) = -16*s + 1. Let k(j) = -11*j + 1. Let g(a) = -7*k(a) + 5*o(a). Let c be g(-2). What is the units digit of c - 2/((-1)/(-1))?
2
Suppose -4*k + 4*a = 3*a - 15, 9 = 2*k + a. Suppose 105 = k*t - 55. Suppose 5*c = 40 + t. What is the tens digit of c?
1
Let d(j) = -j - 4. Let k = 4 - 4. Let b be d(k). Let p = 12 + b. What is the units digit of p?
8
Let v = 35 + -30. What is the units digit of v?
5
Let t be 1*(-1)/1*-3. Suppose 0 = 2*v - 5*z, v + t*z - 5*z - 1 = 0. Suppose -v*b + 12 = -58. What is the tens digit of b?
1
Let h = 7 + -5. Let o be (-1 - 0) + (-1 - -7). Suppose h*f = f + o. What is the units digit of f?
5
Suppose 0*y + 6 = 3*y. Suppose 8 = y*f - 8. What is the units digit of -1 - f/(2*-1)?
3
Let m = 6 + -2. Suppose k + 3*k + m = 0. What is the units digit of (k/2)/(4/(-8))?
1
Suppose 3*n = z - 13, 0*n - 2*z + 8 = -3*n. What is the units digit of (-3 - -53) + n + 2?
6
Let y = 5 + -2. What is the units digit of (-34)/(-8) + y/4?
5
Let b(z) be the second derivative of -z**5/10 - z**3/6 + z**2/2 - 2*z. Let l be b(1). What is the units digit of 0 + l + 2 + 2?
2
Let x = 3 - -2. Suppose -3*q + 43 = -q + x*m, 0 = -q - 2*m + 19. What is the units digit of q?
9
Let z(b) be the third derivative of -b**4/12 + 3*b**3/2 - 2*b**2. Let i be z(6). What is the units digit of 1*(3 + -5 - i)?
1
Let b = 36 + 2. What is the tens digit of b?
3
Let j = 132 - 63. What is the tens digit of j?
6
Suppose 5*i - 31 - 19 = 0. Let l = i - -1. What is the units digit of l?
1
Suppose -2*o + 6*o = 8. What is the units digit of o/(-3) + (-28)/(-6)?
4
Suppose -20 = -q - 4*q. Suppose -2*u = q*f - 2, 5*u - 17 = -2*f + 4*f. Suppose 2*m - 39 = -5*d, -3*m - u*d + 2*d + 26 = 0. What is the units digit of m?
7
Let s(b) = 32*b**2 - b - 3. Let g be s(5). Suppose 6 + g = 3*y. What is the units digit of (-4)/(-18) + y/18?
5
Suppose -2*n - 2*g + 240 = g, 3*n = -5*g + 361. What is the tens digit of n?
1
Let c(r) = -6*r - 6. Let o be c(-7). What is the tens digit of (-8)/o - (-164)/9?
1
Suppose 0 = -2*j + 6*j - 32. Suppose -3*a = -j*a + 15. Suppose x + d = a, 0 = -3*x + 7*x + d - 27. What is the units digit of x?
8
Let v be -1*288/21*-7. Suppose -v = -4*p + 44. What is the tens digit of p?
3
Suppose -2*q - 15 = f, -8*q + 4*f = -4*q + 48. Let k = 13 - -5. Let z = q + k. What is the units digit of z?
9
Let u(j) = 82*j**2 - 5*j + 6. What is the tens digit of u(1)?
8
Suppose 6*s = s + 425. Suppose 2*t - s = -3*t. What is the units digit of t?
7
Let y(f) = f**2 - 2. Let h be y(-2). Suppose -h*m - m = 18. What is the tens digit of 56/m*27/(-18)?
1
Suppose -3*q + 7*q - g = 7, -5*g = 15. Let a be 2/2*(q + -18). Let y = a - -24. What is the units digit of y?
7
Let k(h) = h**2 - 10*h - 2. Let t(y) = 6*y - 5. Let n be t(3). What is the units digit of k(n)?
7
Suppose 0 = 2*y - 6*y + 244. What is the units digit of y?
1
Let m = 15 - 12. What is the units digit of m?
3
Let b(t) = -2*t